ative of d**5/20 - d**4/4 + d**3/6 + d**2 - d. What is o(f)?
0
Let w = 2 + 5. Let a(h) = -2*h**3 + 13*h**2 - 6*h + 11. Let b(f) = f**3 - 6*f**2 + 3*f - 5. Let v(m) = w*b(m) + 3*a(m). Determine v(3).
7
Suppose z + 22 = 5*t, 2*t = t + 5. Let k be 1*z + -8 + 5. Let c(r) = r**3 + r - 1. Determine c(k).
-1
Let k(d) = -3*d - 7. Let x = -13 - -19. Let q(s) = -s**2 + 4*s + 7. Let b be q(x). What is k(b)?
8
Let z(j) = 2*j**2 + 5*j - 8. Let r(c) = 2*c**2 + 4*c - 7. Let f(y) = 6*r(y) - 5*z(y). Suppose -3*k + v - 5 = 2*v, -2*k - 7 = -3*v. Determine f(k).
8
Let d(q) = 5*q**2 + 8*q - 10. Let l(k) = 11*k**2 + 17*k - 21. Let m(n) = 13*d(n) - 6*l(n). Let c = -81 + 84. Give m(c).
-7
Let y(w) = -13*w - 1. Let o(z) = -z**3 + z + 7. Let r be o(0). Suppose -5*j + 12 = r. What is y(j)?
-14
Let x(z) = -z**3 - 4*z**2 + 4*z - 6. Let u(o) = o**3 - 6*o**2 - 7*o - 1. Let a be u(7). Let j = a + -4. Calculate x(j).
-1
Suppose 2*v - 2*h = -7*h - 21, -4*v - 12 = 4*h. Let f(b) be the first derivative of -4*b - 1/2*b**v + 2 + 1/3*b**3. Calculate f(4).
8
Let y(l) = -2*l**2 + 4*l - 3. Let j(m) = -2*m**2 + 9*m - 1. Let r be j(4). Determine y(r).
-9
Let v(q) = -2*q - 6. Let y be v(-4). Let u(f) be the first derivative of 1/2*f**2 + 0*f + y. What is u(-5)?
-5
Suppose 2*d + 3*f - 2 = 3, -d - 3*f + 1 = 0. Suppose d*x + 6 = -2. Let o(h) = h**2 + 2*h. What is o(x)?
0
Suppose 5*x - 15 = 5*y, 2*x - 3*y = 5*x - 3. Suppose -a = 2*g - x, 5*a = 2*a + 5*g - 16. Let l(b) = 4*b + 3. Calculate l(a).
-5
Suppose 3*q - 5*s - 5 = 0, -6*q - s + 55 = -q. Let w be (-25)/4 - (-3)/12. Let l = q + w. Let u(d) = -d**2 + 2*d + 2. Calculate u(l).
-6
Let i = -5 - -3. Let l(k) = -k**3 - 2*k**2 - 3*k - 3. Let b be l(i). Let x(n) = 0 + 1 + b*n - 4. Determine x(3).
6
Let f(d) = 14*d**2 + d + 1. Let c = -11 - -2. Let y be -1*3*(-3)/c. Determine f(y).
14
Suppose -48 = 8*y + 4*y. Let i(h) = 3 - 2 - 5*h + 4*h. Calculate i(y).
5
Suppose 0 = -3*p - 2*p. Let y(t) = -t**2 + t + 7. What is y(p)?
7
Let y(u) = -19 + 6*u - 8*u + 4*u. Determine y(13).
7
Let p(s) = -4 - s + 0 - s - 4. What is p(8)?
-24
Let l(c) = -3*c - 2. Let o(p) = -p + 1. Let k(n) = l(n) - 4*o(n). What is k(5)?
-1
Let q(c) = c**3 - c**2 + c - 4. Let i be q(2). Let d(v) be the second derivative of -7/2*v**i + 0 - 5/6*v**3 - 3*v - 1/12*v**4. Determine d(-5).
-7
Let r(a) = a**2 + 5*a - 2. Let n be r(-4). Let l(o) be the second derivative of o**3/6 - 6*o. Give l(n).
-6
Let q be (-70)/10*(-10)/7. Suppose q = 3*m - m. Let g(l) = -l + 6. Determine g(m).
1
Let p(f) = 11*f. Let a(k) = -10*k. Let b(l) = -6*a(l) - 5*p(l). Give b(2).
10
Suppose 4*q + 4*c = -44, -4*c - 47 = 5*q - c. Let u be 1 - (-1 + (-3 - q)). Let b(i) = -i**3 - i + 1. What is b(u)?
11
Suppose h + 15 - 10 = -4*j, h = -2*j - 1. Let z(t) = 2*t**3 - 2*t**2 - 2*t. Calculate z(j).
-20
Let d be 34/8 - (-24)/32 - 0. Let w(o) = 4*o**2 - 3*o - 1. Let v(s) = -7*s**2 + 6*s + 3. Let p(n) = -3*v(n) - 5*w(n). Calculate p(d).
6
Let j(g) be the first derivative of g**7/840 + g**6/360 - g**5/120 + 2*g**3/3 - 1. Let u(z) be the third derivative of j(z). Give u(-1).
1
Suppose 0 = -4*b + 3 + 1. Let j(v) = -1 + v + 2 + b. Calculate j(2).
4
Let q(a) = a**3 - 6*a**2 - 6*a - 4. Let x be (1/(-2))/(1/(-14)). Give q(x).
3
Let a(s) be the first derivative of -7*s**2/2 - s + 3. Calculate a(-1).
6
Let w(b) be the first derivative of -b**3/3 + b**2/2 + 7*b - 15. Calculate w(0).
7
Let g(z) = -4*z**2 + 2*z + 1. Let q(r) = -3*r - 1. Let n be q(1). Let y = n + 8. Let h be 11/(-9) + y/18. Calculate g(h).
-5
Let k(l) = -l**3 - 5*l**2 - 3*l + 2. Let r = -9 - -11. Suppose -5*w - 4*c - 24 = 0, -6*w - 3*c - 19 = -r*w. Give k(w).
-2
Let f(q) = q**3 - 6*q**2 - 9*q + 8. Suppose -3*c + r = -24, 4*r + 0 + 5 = -c. Give f(c).
-6
Suppose -73*w = -82*w - 27. Let j(u) = -u**2 + 2*u - 3. Determine j(w).
-18
Let b(a) = 2*a - a + 0*a - 2*a**2. Let d = 10 + -6. Let c be ((-4)/(-5))/(d/10). Give b(c).
-6
Let d(c) = 6*c**3 - 8*c**2 + 5*c + 7. Let n(x) = 5*x**3 - 7*x**2 + 4*x + 6. Let m(f) = 4*d(f) - 5*n(f). What is m(3)?
-2
Let i = -2 + 4. Let u(r) = 0*r**2 + 1 - 6*r**2 + 6*r**i - 3*r + r**2. Give u(2).
-1
Let z be (-1)/(2 - 33/15). Let d(s) = -s**2 + 4*s + 6. What is d(z)?
1
Let o(r) be the first derivative of -1/2*r**2 + 2*r + 6. Calculate o(4).
-2
Let a(o) = o**2 - 1. Let i(w) = -w**3 + w**2 - 1. Let p(u) = -6*a(u) + i(u). Give p(-5).
5
Suppose 9*n - 4*n + 10 = 0. Let v(f) be the third derivative of 2*f**2 + 0*f + 1/12*f**4 - 1/6*f**3 + 1/60*f**5 + 0. What is v(n)?
-1
Let m(c) = c - 4. Let o(q) = q - 13. Let x be o(7). Let u be (-4)/x + (-48)/(-9). Determine m(u).
2
Let g(p) = p**2 + 1. Let i be g(2). Suppose -12 = -3*l, i*v - 5*l = -33 - 7. Let y = 4 + v. Let j(r) = r - 7. What is j(y)?
-7
Let w(q) = -q**3 + 3*q**2 - 2*q + 3. Let f be -2 + -3 + (-48)/(-6). What is w(f)?
-3
Let t(h) = 13*h + 1. Let i be -19 + 1 - 1 - -2. Let s = -18 - i. Give t(s).
-12
Let a(j) be the third derivative of j**4/8 + j**3/3 - 4*j**2. Calculate a(3).
11
Let c(w) = -w + 2. Let h be c(1). Let k be (h/4 + 1)*4. Let t(j) = j**3 - 5*j**2 + 2*j - 4. Give t(k).
6
Let y(g) = -2*g**2 - 2*g - 1. Let t = -125 - -122. Calculate y(t).
-13
Suppose -5*l - 4 = 1. Let u(z) = -2*z + 1 - 8*z**2 + z - 2. Determine u(l).
-8
Suppose -4*z + 24 = -32. Let v(o) = 12 - z - 2*o + 3*o. Determine v(2).
0
Let i(t) = -t**3 - 6*t**2 - 3*t + 2. Suppose 4*x = -2*s + 8, 8 = -5*x - 2. Let l = 3 - s. What is i(l)?
-8
Let n(h) = -h**3 - h + 14. Let g be 0/9*2/4. Calculate n(g).
14
Let k(s) = 3*s**2 - s**2 - 7*s**2 - s. Determine k(-1).
-4
Let d(r) = r + 5. Suppose -9*u - 113 = -14. Give d(u).
-6
Let j be 1 - (0/(-2) + -2). Suppose -4*f - 1 = -3*k, 2*k + j*f + 37 = -3*k. Let b(w) be the first derivative of -w**4/4 - 5*w**3/3 - 4*w + 1. Determine b(k).
-4
Let a = 16 + -9. Let y(q) = 0*q**3 + a + 0*q**3 - q**3. Calculate y(0).
7
Let o = 63 - 56. Let i(z) = 3*z**2 + z - 3. Let f(q) = 9*q**2 + 4*q - 10. Let u be -3*(0 + 2/3). Let c(p) = o*i(p) + u*f(p). Determine c(2).
9
Let c = -20 - -18. Let a(f) = 2*f + 2*f + 0 + 2. Calculate a(c).
-6
Let m(i) be the third derivative of -i**7/2520 + i**6/240 - i**5/120 - i**4/8 + i**2. Let v(q) be the second derivative of m(q). What is v(2)?
1
Let z(n) = n**2 + 8*n - 2. Suppose -2*y = -y + 6. What is z(y)?
-14
Let i = 0 - -2. Let o(u) = -3 + i - 4 - 3*u + 5*u**2 + u**3 + u. Suppose 0*g + 5 = -g. Give o(g).
5
Let g(v) = -v**2 + 8*v - 1. Let a(l) = 2*l**2 - 15*l + 2. Let w(n) = 6*a(n) + 11*g(n). What is w(3)?
4
Suppose -x + 4 = x + 2*t, -9 = 3*t. Let y(s) = 2 - 2 + x*s**3 - s**2 - s. Let m(q) = q**2 + 4*q + 3. Let g be m(-2). Determine y(g).
-5
Let w(p) = -p**2 + 5*p**3 - 6*p**3 - 6*p + 4*p + 8*p**3 - 1. Determine w(-1).
-7
Let t(n) = n**3 - 2*n**2 + 3*n - 3. Let v be t(2). Let c(s) = -s**3 + 4*s**2 - 3*s + 1. Calculate c(v).
1
Let w(d) = 5*d**2 - 26*d - 4. Let r(x) = x**2 - 5*x - 1. Let z(t) = -11*r(t) + 2*w(t). Calculate z(3).
3
Let i(x) be the third derivative of x**6/120 + x**3/6 + 38*x**2. Calculate i(0).
1
Let j(a) be the first derivative of a**2 - a + 1. Give j(3).
5
Let f(l) be the third derivative of -l**4/12 - 3*l**3/2 + 13*l**2. What is f(-7)?
5
Let h(f) = -2*f**2 + 1. Let j(r) = -r**2 - 9*r - 3. Let m be j(-9). Calculate h(m).
-17
Let i(l) = -2*l**2 - 8*l + 3. Let x(t) = t - 28. Let q be x(22). Give i(q).
-21
Let a(t) = 2*t**3 + 24*t**2 + 1. Let w be a(-12). Let v(o) = -8*o**2 + 0*o - o + 5 - 4. What is v(w)?
-8
Let g(f) = f**3 + 9*f**2 + 9*f + 13. Let k be g(-8). Let h(c) = c - 4. What is h(k)?
1
Let w be (-2)/(-5)*(-3 + 13). Let y(j) = -j**3 + 4*j**2 - 2*j + 4. What is y(w)?
-4
Let k(x) = 1 + 0 - 3*x - x**2 + 2. Let a = 14 + -19. Calculate k(a).
-7
Let x(c) = -3*c + 2. Let p = -9 - -18. Let n be (6/p)/(2/(-9)). Give x(n).
11
Suppose 0 = 2*w - 3 - 7. Suppose 4*f - 26 = -5*c, 5*f + 3*c - 27 = -1. Let y(o) = 2*o + 0*o - f*o - 5 + 3*o. Determine y(w).
0
Let i(l) = -1. Let s(a) = -2 + a - 2*a - 7. Let p(f) = 6*i(f) - s(f). Let o be (2 - (-24)/(-9))/((-8)/(-60)). Calculate p(o).
-2
Let l(z) be the third derivative of -z**4/12 + 5*z**3/3 + 6*z**2 - 2*z. Give l(7).
-4
Let p(r) be the first derivative of r**4/12 + r**3 - r**2 - r + 4. Let y(z) be the first derivative of p(z). Determine y(-5).
-7
Let j be (-3 + 21/6)*0. Let n(z) = z**3 - z**2 - z + 1. What is n(j)?
1
Let j(z)